132 + 2?
-4130
In base 3, what is -2102 + -20?
-2122
In base 10, what is 310 + -2?
308
In base 3, what is -11 + -22112?
-22200
In base 14, what is 2823 - -1?
2824
In base 2, what is -10 + 1001011?
1001001
In base 16, what is -2 - 6e?
-70
In base 13, what is -4c + -2?
-51
In base 14, what is -71 + -10?
-81
In base 14, what is -1b + 44?
27
In base 11, what is 233 - -5?
238
In base 7, what is 65 + 2?
100
In base 15, what is 8 + -25b?
-253
In base 12, what is -2b - 174?
-1a3
In base 12, what is -6 - 144?
-14a
In base 14, what is db - -11?
10c
In base 12, what is 4 - -b8?
100
In base 15, what is da - -3?
dd
In base 8, what is 100 - 35?
43
In base 9, what is -4136 - 5?
-4142
In base 14, what is -155 + 0?
-155
In base 11, what is -29 + 3?
-26
In base 10, what is 39 - 94?
-55
In base 16, what is 9f - 2?
9d
In base 4, what is -11 + -232031?
-232102
In base 13, what is 4 + 455?
459
In base 3, what is -11 - 1011010?
-1011021
In base 14, what is -a + -11?
-1b
In base 3, what is 1210200 - -2?
1210202
In base 13, what is -25 - 28?
-50
In base 6, what is 3 + -113?
-110
In base 14, what is 73b + -2?
739
In base 2, what is 101101101 + 11?
101110000
In base 7, what is 0 - -11163?
11163
In base 10, what is -656 - 1?
-657
In base 7, what is 151440 + 0?
151440
In base 7, what is 222 + 165?
420
In base 6, what is -134 - -3?
-131
In base 11, what is -41 + -29?
-6a
In base 13, what is 130 + -1?
12c
In base 6, what is -14 + -1023?
-1041
In base 3, what is -102101 + 20?
-102011
In base 9, what is -2 + -263?
-265
In base 16, what is 1d66 + -1?
1d65
In base 11, what is -1597a + 0?
-1597a
In base 7, what is 51 - -4?
55
In base 3, what is 10 + 10000002?
10000012
In base 8, what is 1 - -37?
40
In base 4, what is 10 - -1031?
1101
In base 13, what is 26 + -117?
-c1
In base 5, what is 10 - 420?
-410
In base 2, what is 10011001010 - 11?
10011000111
In base 12, what is -3 + a?
7
In base 12, what is 222 - 4?
21a
In base 12, what is -3 + 360?
359
In base 13, what is c0 + 5?
c5
In base 3, what is 12 - -101202?
101221
In base 11, what is -4 - 193?
-197
In base 13, what is -3 - 50?
-53
In base 2, what is -11 + 111000?
110101
In base 4, what is 3033 + -11?
3022
In base 9, what is -2 - -23?
21
In base 15, what is -d0 + 60?
-70
In base 4, what is 2231 - 2?
2223
In base 9, what is 4 + -487?
-483
In base 16, what is -5 + 1c2?
1bd
In base 3, what is -20202 + 0?
-20202
In base 5, what is 20 + 432?
1002
In base 6, what is -14 - -10?
-4
In base 11, what is 1160 + 1?
1161
In base 6, what is 22 - -10?
32
In base 11, what is -9 + 19?
10
In base 7, what is -14 + 153?
136
In base 5, what is -4023 + -3?
-4031
In base 15, what is -20e - 9?
-218
In base 16, what is 72 + 25?
97
In base 4, what is 11231 - -10?
11301
In base 9, what is 4 - 1850?
-1845
In base 2, what is -1101011 - -11?
-1101000
In base 15, what is 17 + 4?
1b
In base 14, what is -74d - 5?
-754
In base 8, what is 16 - -1120?
1136
In base 10, what is 9429 - 2?
9427
In base 3, what is 11 - -1020120?
1020201
In base 9, what is -5 - 27?
-33
In base 7, what is 2 + 21?
23
In base 14, what is -5 + 10?
9
In base 7, what is -463 + 0?
-463
In base 4, what is 3 + -120?
-111
In base 9, what is -5310 - -5?
-5304
In base 6, what is 10 - -24?
34
In base 5, what is -23 + 123?
100
In base 10, what is -481 + -5?
-486
In base 5, what is 4 + 20404?
20413
In base 11, what is 2 - -83?
85
In base 7, what is -25060 + 0?
-25060
In base 7, what is -36566 - 4?
-36603
In base 12, what is -55 - -4?
-51
In base 14, what is 31 + -1?
30
In base 13, what is -9 - 7?
-13
In base 9, what is 176 + -4?
172
In base 5, what is 4 + 1002?
1011
In base 15, what is 63 - -18?
7b
In base 4, what is 13 - 1001?
-322
In base 9, what is 1 + 1415?
1416
In base 11, what is -1 + -2629?
-262a
In base 15, what is -6 + -14?
-1a
In base 3, what is 22122 - 12?
22110
In base 4, what is -2322 - 11?
-2333
In base 13, what is -566 + 5?
-561
In base 8, what is -7 - -5?
-2
In base 9, what is -1 + 6155?
6154
In base 3, what is 0 - 12011?
-12011
In base 3, what is -12 - -121120?
121101
In base 7, what is 42054 - 3?
42051
In base 3, what is 222221010 + 12?
222221022
In base 4, what is -2012 - -220?
-1132
In base 14, what is a + -a?
0
In base 5, what is -2 + 242?
240
In base 12, what is 529 + -5?
524
In base 15, what is -b6 - 0?
-b6
In base 12, what is -374 - 0?
-374
In base 11, what is -7a7 - -8?
-79a
In base 5, what is -2013 + 134?
-1324
In base 7, what is -25 - -141?
113
In base 6, what is -1 + -123?
-124
In base 16, what is 208 - -4?
20c
In base 12, what is 53 - 2b?
24
In base 7, what is 10 + -22?
-12
In base 6, what is 10 + -5?
1
In base 2, what is -100 - 11100?
-100000
In base 13, what is -3bb + -1?
-3bc
In base 13, what is -260c + 0?
-260c
In base 4, what is -13333 - -103?
-13230
In base 15, what is 18bb + -2?
18b9
In base 5, what is 4440 + -3?
4432
In base 5, what is -203 - -1113?
410
In base 11, what is 189 - -5?
193
In base 12, what is -1489 - 1?
-148a
In base 16, what is -3e - 1?
-3f
In base 5, what is 2301 + -21?
2230
In base 7, what is 0 - -61?
61
In base 6, what is -1034 - -2?
-1032
In base 6, what is -13 + -10141?
-10154
In base 4, what is -112 - -132?
20
In base 8, what is -11 - 46?
-57
In base 11, what is 118 + -6?
112
In base 8, what is -325 + 0?
-325
In base 13, what is 0 - -9ab?
9ab
In base 4, what is -3133301 + 11?
-3133230
In base 14, what is -4 - -11?
b
In base 15, what is 32 - e?
23
In base 15, what is -2 - -1e?
1c
In base 15, what is 1 + -593?
-592
In base 15, what is 5 - -54?
59
In base 7, what is 111 + -3?
105
In base 14, what is 183 + -26?
15b
In base 7, what is -16 + -6?
-25
In base 13, what is -1 - 9?
-a
In base 6, what is 5 + 143?
152
In base 12, what is 1 + 859?
85a
In base 11, what is 40 - -2aa?
33a
In base 15, what is 9 - -2d?
37
In base 10, what is 2 - 49?
-47
In base 4, what is -332 + -2033?
-3031
In base 16, what is -e7 - -1?
-e6
In base 12, what is 3 - 320?
-319
In base 5, what is 32 - 1123?
-1041
In base 10, what is 141 - -4?
145
In base 6, what is 2240 + -4?
2232
In base 13, what is 414 - 1?
413
In base 6, what is 141 + -53?
44
In base 2, what is -1100 - -1001?
-11
In base 8, what is -3 - -5035?
5032
In base 15, what is 3 + ba?
bd
In base 4, what is -33 - 133?
-232
In base 4, what is -331 - 10?
-1001
In base 13, what is 2 - -cb?
100
In base 9, what is 53 + 48?
112
In base 11, what is -3 + -10a9?
-1101
In base 16, what is -114e + 0?
-114e
In base 16, what is 25 + 12?
37
In base 5, what is 410 - 2?
403
In base 12, what is -181 - -9?
-174
In base 3, what is 2 - -112002?
112011
In base 2, what is 111101000 + 1000?
111110000
In base 5, what is 0 + -123?
-123
In base 6, what is -3 + -2044?
-2051
In base 15, what is -11 - -a1?
90
In base 4, what is 1 + 12010?
12011
In base 10, what is 640 - 3?
637
In base 15, what is 2 + -776?
-774
In base 16, what is -4 - -11?
d
In base 5, what is 2 + -4?
-2
In base 4, what is -1 + -112?
-113
In base 7, what is 425 + 4?
432
In base 14, what is 16 + -2?
14
In base 7, what is -2 - 11323?
-11325
In base 8, what is 0 + -44?
-44
In base 11, what is 5 + 243?
248
In base 5, what is 4 - -433?
442
In base 14, what is -43c - -3?
-439
In base 14, what is 2 - -139b?
139d
In base 9, what is 5 + 26?
32
In base 15, what is 8 + -179?
-171
In base 2, what is -101 - -110110000?
110101011
In base 9, what is 2 + 6867?
6870
In base 3, what is 11 + 20201?
20212
In base 13, what is 0 - c8?
-c8
In base 4, what is -1 + -1031?
-1032
In base 9, what is 0 + -52?
-52
In base 12, what is 7 + 21?
28
In base 15, what is -89 - 0?
-89
In base 11, what is -243 - -5?
-239
In base 7, what is -550 - -2?
-545
In base 12, what is -9 - 348?
-355
In base 15, what is -1b1 - 7?
-1b8
In base 7, what is -13 - 33?
-46
In base 14, what is -4828 - 1?
-4829
In base 4, what is -10 - 100121?
-100131
In base 6, what is 5 - -5543?
5552
In base 3, what is 1021 + -110?
211
In base 3, what is -2220 - 101?
-10021
In base 11, what is 8 + 12a?
137
In base 5, what is 1240 - -10?
1300
In base 6, what is -5 + 532?
523
In base 8, what is -4 - -2213?
2207
In base 8, what is -11 + 30?
17
In base 3, what is -11 - -2122?
2111
In base 6, what is -2 - 1011?
-1013
In base 10, what is 20 + -9?
11
In base 12, what is 5 - -1b8?
201
In base 16, what is c + -d9?
-cd
In base 7, what is 5 - -161?
166
In base 4